{"id":9622,"date":"2024-03-13T12:59:19","date_gmt":"2024-03-13T11:59:19","guid":{"rendered":"https:\/\/iconcept.rs\/ekotrgovina\/index.php\/proizvod\/domestos-proformula-pine-w928-5l\/"},"modified":"2024-03-26T07:47:25","modified_gmt":"2024-03-26T06:47:25","slug":"domestos-proformula-pine-w928-5l","status":"publish","type":"product","link":"https:\/\/iconcept.rs\/ekotrgovina\/proizvod\/domestos-proformula-pine-w928-5l\/","title":{"rendered":"DOMESTOS PROFORMULA PINE W928 5L."},"content":{"rendered":"<p>Domestos za profesionalno kori\u0161\u0107enje za \u010di\u0161\u0107enje i dezinfekciju. Pogodan za sve perive povr\u0161ine u kuhinji i kupatilu ( lavaboi, sudopere, wc \u0161olje, podovi, kerami\u010dke plo\u010dice)<\/p>\n","protected":false},"excerpt":{"rendered":"<p>Domestos za profesionalno kori\u0161\u0107enje za \u010di\u0161\u0107enje i dezinfekciju. Pogodan za sve perive povr\u0161ine u kuhinji i kupatilu ( lavaboi, sudopere, wc \u0161olje, podovi, kerami\u010dke plo\u010dice)<\/p>\n","protected":false},"featured_media":9956,"comment_status":"open","ping_status":"open","template":"","meta":[],"product_cat":[370,369],"product_tag":[],"class_list":["post-9622","product","type-product","status-publish","has-post-thumbnail","hentry","product_cat-sredstva-za-ciscenje-sanitarija","product_cat-sredstva-za-odrzavanje-higijene"],"_links":{"self":[{"href":"https:\/\/iconcept.rs\/ekotrgovina\/wp-json\/wp\/v2\/product\/9622","targetHints":{"allow":["GET"]}}],"collection":[{"href":"https:\/\/iconcept.rs\/ekotrgovina\/wp-json\/wp\/v2\/product"}],"about":[{"href":"https:\/\/iconcept.rs\/ekotrgovina\/wp-json\/wp\/v2\/types\/product"}],"replies":[{"embeddable":true,"href":"https:\/\/iconcept.rs\/ekotrgovina\/wp-json\/wp\/v2\/comments?post=9622"}],"wp:featuredmedia":[{"embeddable":true,"href":"https:\/\/iconcept.rs\/ekotrgovina\/wp-json\/wp\/v2\/media\/9956"}],"wp:attachment":[{"href":"https:\/\/iconcept.rs\/ekotrgovina\/wp-json\/wp\/v2\/media?parent=9622"}],"wp:term":[{"taxonomy":"product_cat","embeddable":true,"href":"https:\/\/iconcept.rs\/ekotrgovina\/wp-json\/wp\/v2\/product_cat?post=9622"},{"taxonomy":"product_tag","embeddable":true,"href":"https:\/\/iconcept.rs\/ekotrgovina\/wp-json\/wp\/v2\/product_tag?post=9622"}],"curies":[{"name":"wp","href":"https:\/\/api.w.org\/{rel}","templated":true}]}}