{"id":9569,"date":"2024-03-13T12:59:11","date_gmt":"2024-03-13T11:59:11","guid":{"rendered":"https:\/\/iconcept.rs\/ekotrgovina\/index.php\/proizvod\/schonreiniger-lemon-10-litara\/"},"modified":"2024-03-26T07:47:18","modified_gmt":"2024-03-26T06:47:18","slug":"schonreiniger-lemon-10-litara","status":"publish","type":"product","link":"https:\/\/iconcept.rs\/ekotrgovina\/proizvod\/schonreiniger-lemon-10-litara\/","title":{"rendered":"SCHONREINIGER LEMON 10 litara"},"content":{"rendered":"<p>Sredstvo za \u010di\u0161\u0107enje podova na bazi alkohola, brzo su\u0161enje bez tragova, prijatan sve\u017e miris. DOZIRANJE: 20\u201360 ml sredstva na 8 l vode. Za tvrdokorniju ne\u010disto\u0107u pove\u0107ati koncentraciju. Spray metoda- 40 ml sredstva na 500 ml vode.<\/p>\n","protected":false},"excerpt":{"rendered":"<p>Sredstvo za \u010di\u0161\u0107enje podova na bazi alkohola, brzo su\u0161enje bez tragova, prijatan sve\u017e miris. DOZIRANJE: 20\u201360 ml sredstva na 8 l vode. Za tvrdokorniju ne\u010disto\u0107u pove\u0107ati koncentraciju. Spray metoda- 40 ml sredstva na 500 ml vode.<\/p>\n","protected":false},"featured_media":9904,"comment_status":"open","ping_status":"open","template":"","meta":[],"product_cat":[371,369],"product_tag":[],"class_list":["post-9569","product","type-product","status-publish","has-post-thumbnail","hentry","product_cat-sredstva-za-ciscenje-podova","product_cat-sredstva-za-odrzavanje-higijene"],"_links":{"self":[{"href":"https:\/\/iconcept.rs\/ekotrgovina\/wp-json\/wp\/v2\/product\/9569","targetHints":{"allow":["GET"]}}],"collection":[{"href":"https:\/\/iconcept.rs\/ekotrgovina\/wp-json\/wp\/v2\/product"}],"about":[{"href":"https:\/\/iconcept.rs\/ekotrgovina\/wp-json\/wp\/v2\/types\/product"}],"replies":[{"embeddable":true,"href":"https:\/\/iconcept.rs\/ekotrgovina\/wp-json\/wp\/v2\/comments?post=9569"}],"wp:featuredmedia":[{"embeddable":true,"href":"https:\/\/iconcept.rs\/ekotrgovina\/wp-json\/wp\/v2\/media\/9904"}],"wp:attachment":[{"href":"https:\/\/iconcept.rs\/ekotrgovina\/wp-json\/wp\/v2\/media?parent=9569"}],"wp:term":[{"taxonomy":"product_cat","embeddable":true,"href":"https:\/\/iconcept.rs\/ekotrgovina\/wp-json\/wp\/v2\/product_cat?post=9569"},{"taxonomy":"product_tag","embeddable":true,"href":"https:\/\/iconcept.rs\/ekotrgovina\/wp-json\/wp\/v2\/product_tag?post=9569"}],"curies":[{"name":"wp","href":"https:\/\/api.w.org\/{rel}","templated":true}]}}